041?
8
What is the ten millions digit of 655445273?
5
What is the millions digit of 256606508?
6
What is the thousands digit of 318178072?
8
What is the tens digit of 3666986522?
2
What is the units digit of 155865754?
4
What is the tens digit of 3926889?
8
What is the units digit of 19011849?
9
What is the tens digit of 73418170?
7
What is the tens digit of 1743366230?
3
What is the millions digit of 3969300819?
9
What is the tens digit of 642387784?
8
What is the thousands digit of 37692511?
2
What is the ten thousands digit of 100167059?
6
What is the units digit of 4854277373?
3
What is the ten thousands digit of 23371983?
7
What is the millions digit of 271520510?
1
What is the units digit of 2005563795?
5
What is the ten millions digit of 322382188?
2
What is the hundreds digit of 372632267?
2
What is the thousands digit of 106184539?
4
What is the hundred thousands digit of 169694316?
6
What is the tens digit of 481949729?
2
What is the units digit of 5764225397?
7
What is the units digit of 1728277572?
2
What is the thousands digit of 1152431337?
1
What is the millions digit of 6031180672?
1
What is the millions digit of 254714597?
4
What is the tens digit of 78573673?
7
What is the millions digit of 3926377289?
6
What is the hundred thousands digit of 278370285?
3
What is the ten thousands digit of 10348431?
4
What is the thousands digit of 1201326095?
6
What is the billions digit of 1454031564?
1
What is the hundreds digit of 1470736116?
1
What is the units digit of 305618394?
4
What is the thousands digit of 29406441?
6
What is the hundreds digit of 87740655?
6
What is the thousands digit of 113572145?
2
What is the thousands digit of 1511246113?
6
What is the hundred thousands digit of 176730258?
7
What is the hundred thousands digit of 78196396?
1
What is the millions digit of 1753839989?
3
What is the tens digit of 151078934?
3
What is the hundred millions digit of 2362438276?
3
What is the units digit of 58477007?
7
What is the ten thousands digit of 839580501?
8
What is the millions digit of 1874038964?
4
What is the hundred thousands digit of 652532430?
5
What is the thousands digit of 533563093?
3
What is the hundred millions digit of 5226649029?
2
What is the tens digit of 321261083?
8
What is the hundreds digit of 220594055?
0
What is the hundred thousands digit of 4369414248?
4
What is the units digit of 204026639?
9
What is the thousands digit of 227528824?
8
What is the ten millions digit of 81370907?
8
What is the units digit of 3233311423?
3
What is the thousands digit of 25981259?
1
What is the hundreds digit of 107212425?
4
What is the hundred thousands digit of 701536991?
5
What is the ten thousands digit of 4225818?
2
What is the hundred thousands digit of 7230176?
2
What is the units digit of 67748265?
5
What is the units digit of 19140222?
2
What is the hundred thousands digit of 92682133?
6
What is the units digit of 804346218?
8
What is the tens digit of 37224518?
1
What is the hundreds digit of 66260116?
1
What is the ten thousands digit of 5149526339?
2
What is the units digit of 2193305355?
5
What is the tens digit of 69009824?
2
What is the hundred millions digit of 585390548?
5
What is the tens digit of 3004900333?
3
What is the units digit of 98405746?
6
What is the ten millions digit of 2479517026?
7
What is the thousands digit of 956271815?
1
What is the hundred thousands digit of 5486535505?
5
What is the hundred millions digit of 2296052612?
2
What is the ten thousands digit of 3608582573?
8
What is the billions digit of 1711516514?
1
What is the hundreds digit of 431485647?
6
What is the billions digit of 3599747985?
3
What is the hundreds digit of 293392794?
7
What is the ten thousands digit of 163461771?
6
What is the tens digit of 39016279?
7
What is the hundred millions digit of 4220293726?
2
What is the units digit of 1337512299?
9
What is the thousands digit of 12794893?
4
What is the hundred thousands digit of 335752311?
7
What is the thousands digit of 33808413?
8
What is the thousands digit of 55889745?
9
What is the thousands digit of 21489756?
9
What is the ten thousands digit of 49030616?
3
What is the thousands digit of 25421357?
1
What is the thousands digit of 909870395?
0
What is the millions digit of 344125184?
4
What is the ten millions digit of 80392424?
8
What is the units digit of 70016742?
2
What is the units digit of 482761?
1
What is the hundred thousands digit of 14870621?
8
What is the hundred thousands digit of 586773639?
7
What is the ten millions digit of 2487179817?
8
What is the tens digit of 27884851?
5
What is the hundred millions digit of 149846882?
1
What is the units digit of 73289708?
8
What is the hundreds digit of 59421436?
4
What is the units digit of 7148136516?
6
What is the ten millions digit of 193854971?
9
What is the hundred millions digit of 205973874?
2
What is the ten millions digit of 62502896?
6
What is the hundred thousands digit of 72680295?
6
What is the tens digit of 3693006067?
6
What is the units digit of 285309889?
9
What is the hundred millions digit of 1278717093?
2
What is the ten thousands digit of 5162136?
6
What is the millions digit of 81599269?
1
What is the hundred millions digit of 402885398?
4
What is the units digit of 4108406340?
0
What is the ten millions digit of 142732688?
4
What is the hundred thousands digit of 38086857?
0
What is the units digit of 59531671?
1
What is the ten millions digit of 70562164?
7
What is the thousands digit of 25950548?
0
What is the hundreds digit of 181038814?
8
What is the thousands digit of 1484149603?
9
What is the units digit of 6302285?
5
What is the millions digit of 756521529?
6
What is the ten millions digit of 1418940418?
1
What is the thousands digit of 285985963?
5
What is the tens digit of 45421218?
1
What is the hundreds digit of 67311352?
3
What is the hundred thousands digit of 134570710?
5
What is the ten thousands digit of 1164444370?
4
What is the tens digit of 10584638?
3
What is the ten millions digit of 19550554?
1
What is the thousands digit of 34689369?
9
What is the hundreds digit of 15336261?
2
What is the hundred thousands digit of 85359594?
3
What is the ten thousands digit of 2197027506?
2
What is the tens digit of 6513547702?
0
What is the ten thousands digit of 774200435?
0
What is the hundred millions digit of 1080520600?
0
What is the hundred thousands digit of 1489256847?
2
What is the billions digit of 1110156354?
1
What is the ten thousands digit of 516579719?
7
What is the hundred thousands digit of 3350234143?
2
What is the ten thousands digit of 277041098?
4
What is the hundred thousands digit of 6980507289?
5
What is the ten thousands digit of 72439257?
3
What is the hundreds digit of 10288931?
9
What is the ten thousands digit of 253444193?
4
What is the thousands digit of 2501823715?
3
What is the hundred thousands digit of 46177633?
1
What is the hundred thousands digit of 18506283?
5
What is the ten thousands digit of 124731820?
3
What is the ten millions digit of 49187354?
4
What is the units digit of 118512799?
9
What is the billions digit of 1121380864?
1
What is the tens digit of 2310935868?
6
What is the hundreds digit of 1581569502?
5
What is the hundred thousands digit of 240858535?
8
What is the ten thousands digit of 48428248?
2
What is the thousands digit of 475514267?
4
What is the hundred thousands digit of 144059042?
0
What is the millions digit of 7309597?
7
What is the millions digit of 35939907?
5
What is the thousands digit of 523528087?
8
What is the hundreds digit of 26364556?
5
What is the ten thousands digit of 2592809?
9
What is the tens digit of 2526170598?
9
What is the hundreds digit of 31884887?
8
What is the ten thousands digit of 34072902?
7
What is the units digit of 33538134?
4
What is the hundreds digit of 80710569?
5
What is the hundreds digit of 19375247?
2
What is the tens digit of 60138951?
5
What is the tens digit of 952070991?
9
What is the hundred thousands digit of 694236788?
2
What is the hundreds digit of 134322972?
9
What is the hundreds digit of 38454887?
8
What is the ten thousands digit of 2560692496?
9
What is the millions digit of 540122084?
0
What is the thousands digit of 111482108?
2
What is the hundr